 0. What is the units digit of w?
2
Let c(q) = -q**3 - 3*q**2 + 3*q - 3. Let n be c(-4). Suppose 37 = k - n. What is the tens digit of k?
3
Suppose -x - 10 = -2*x. Suppose 4*v = -u + 4 + 2, -v = -4*u - x. Suppose -b - v*c - 6 = 0, 3*c + 26 = 3*b - 2*c. What is the units digit of b?
2
Suppose -4*h + 116 = 4*u, -2*u + 7*u - 121 = 3*h. What is the tens digit of u?
2
Suppose -89 = -5*j - 9. What is the tens digit of j?
1
Suppose m + 128 = 5*m. Let x be (24/m)/((-2)/(-16)). Suppose 0 = -2*o + x + 4. What is the units digit of o?
5
What is the units digit of (-4)/(-14) + 159/7?
3
Let d(u) be the third derivative of -u**6/120 - 7*u**5/60 - u**4/12 - u**3/3 + u**2. Let z(t) = -t - 12. Let n be z(-5). What is the tens digit of d(n)?
1
Suppose -4*a - 34 = -y, a + 172 = 4*y + 3*a. What is the units digit of y?
2
Suppose 0 = 9*f - 233 - 478. What is the units digit of f?
9
What is the units digit of (-134)/(-10) + 6/(-15)?
3
Let y(h) = h**3 - 6*h**2 + h + 3. Let r be y(6). Suppose -5*f - r = -4*p - 2*f, 7 = -3*p + 5*f. What is the units digit of p?
6
Suppose z + 2*z - 24 = 0. Let s(b) = b**3 - 9*b**2 + 10*b - 7. What is the units digit of s(z)?
9
Let s(u) = u**3 + 4*u**2 - u + 2. What is the units digit of s(-4)?
6
Let x be -10 - (-5)/(10/4). Let s = x + 7. Let a(g) = -9*g**3 + g + 1. What is the units digit of a(s)?
9
Suppose 0 = -0*s - s. Suppose -2*k + 7*k = s. Suppose -r - 4*r + 55 = k. What is the tens digit of r?
1
Let l(h) = 2*h**2 - 3*h**2 + 0 + 4. Let y be l(0). Suppose y*k + 8*i - 3*i = 44, -2*i + 8 = 0. What is the units digit of k?
6
Suppose 3*y = -f + 4 + 16, 13 = 2*f - 3*y. Suppose 3*p + 3*m - 39 = -6, -p = 3*m - f. What is the units digit of p?
1
Let j be 1 + 4 + 1 + -1. Suppose -j*z = -z + a - 112, 5*a = -3*z + 84. Let v = z - 14. What is the units digit of v?
4
Let b = 8 + 66. What is the tens digit of b?
7
Let v(t) = -2*t**2 + 4*t - 3. Let f be v(3). What is the units digit of f/(-6) - 3/6?
1
Let o(v) = -v - 3. Let b be o(-4). Suppose 2*d - b = 9. What is the units digit of d?
5
Let i = 8 - 6. What is the tens digit of (1/i)/(4/120)?
1
Let o = -1 + 11. Let l = 9 + o. What is the units digit of l?
9
Let v(c) = c**2 - 10*c - 7. Let o be v(9). What is the units digit of (1 - -2)/((-3)/o)?
6
Let k(a) = -3*a**2. Suppose -2*o + 11 = -o - 4*n, 2*n + 1 = 5*o. Let x be k(o). Let m = -2 - x. What is the units digit of m?
1
Suppose -3*v - 2*k - 2*k + 59 = 0, 4*k = 8. What is the tens digit of v?
1
Suppose 676 = 3*a + 109. What is the tens digit of a?
8
Let g be -2 - -3 - (1 - -30). Let b = -17 - g. What is the tens digit of b?
1
Let z be (12 - -2)/((-3)/(-3)). Suppose 0 = 2*h - 4*h - 8, 3*p - 5*h - 8 = 0. Let f = p + z. What is the tens digit of f?
1
Suppose s = 4*s + i - 170, 5*i = 25. What is the tens digit of s?
5
Let f(b) = 24*b**3 - b**2 + 1. What is the units digit of f(1)?
4
Suppose 2*v - 79 = -2*d + 61, -320 = -5*d + v. What is the tens digit of d?
6
Let m(a) = a**2 - a + 5. What is the units digit of m(-6)?
7
Suppose -s + 46 = 13. Let x = -18 + s. What is the units digit of x?
5
Suppose -4*v - y = 4*y - 395, -2*y + 196 = 2*v. Suppose v = -j + 6*j. What is the tens digit of j?
1
Suppose -f + c = -4 - 4, 5*c + 5 = -2*f. Let i(k) = -k**2 - 9*k - 4. Let t be i(-8). Suppose -f*r = -r - t. What is the units digit of r?
1
Let o(f) = -1. Let h(j) = -j**2 + 4*j - 2. Let t(g) = h(g) - 2*o(g). Let q = 4 - 2. What is the units digit of t(q)?
4
Let v be (-5 + -1 + 2)*-1. Suppose -v = d - 10. What is the units digit of d?
6
Let a be -2 - -19 - (1 + 1). What is the tens digit of ((-16)/(-12))/(2/a)?
1
Let l(m) = -m**2 + 10*m. Let f be l(6). Suppose -4*r - f = -2*t, -r + 135 = 5*t + 4*r. Suppose -2*a - 4 + t = 0. What is the units digit of a?
9
Let x(u) = -u**2 + 10*u - 12. Let o be x(8). Let z = 9 - o. Suppose z*q = 3*q + 28. What is the units digit of q?
4
Suppose -5*v = 2*n + 2*n - 3, -5*v = 5*n. Let t be (-10)/n*(-6)/(-5). Suppose t*a - 2*d - 13 - 9 = 0, -2*d = -a - 2. What is the units digit of a?
8
Let o = -2 + 5. Suppose -3 = -2*u + o*z + 21, 3*u = -2*z + 36. What is the units digit of u?
2
What is the units digit of (-444)/(-10) + 2/(-5)?
4
Let m(k) = -3*k**2 + 6*k - 11. Let t(s) = -3*s**2 + 6*s - 12. Let n(f) = -7*m(f) + 6*t(f). Let r be n(4). Let h = r + -11. What is the tens digit of h?
1
Suppose -z = 5*z - 252. What is the units digit of z?
2
Suppose 2*b - 15 = -w, 5*b + w - 33 = 9. Let u = -4 + b. Suppose 4 = -y + u*y. What is the units digit of y?
1
Suppose -5 = -5*w - 2*z, -3*w + 0*z + 4 = z. Let c(h) = -h**3 + 4*h**2 - 1. What is the units digit of c(w)?
8
Let f(u) = u - 1. Let y be f(0). What is the units digit of (3 - 0) + y + 3?
5
Let v(i) = i**2 - 2*i + 3. Let a be v(3). Suppose 2*q - a*q = -160. Suppose q = -2*h + 7*h. What is the units digit of h?
8
Let d be (8/(-6))/((-1)/6). Let o = d - 5. Suppose 0 = o*j + j - 28. What is the units digit of j?
7
Let u(z) = -z**3 + 12*z**2 - 10*z + 13. What is the tens digit of u(11)?
2
Let h be (-20)/6*(-171)/6. Suppose 5*v + 2*l + 3*l + h = 0, 5*v + 83 = -2*l. What is the tens digit of (-3)/v - 138/(-10)?
1
Suppose 0 = -3*w - 7 + 19, 0 = -2*d + w - 8. Let l be d + 0 + -2 + -1. Let y(x) = -x**3 - 4*x**2 + 5*x + 4. What is the units digit of y(l)?
4
Let i = 51 + -5. What is the tens digit of i?
4
Let g = 495 + -314. What is the units digit of g?
1
Suppose 0 = 3*c - 12, 2*d + 3*c = c + 54. What is the units digit of d?
3
Let g be 209/6 + (-6)/(-36). Suppose -3*l + g = 2*l. What is the units digit of l?
7
Let c(u) = u**3 + 3*u**2 - 2*u - 1. What is the units digit of c(-3)?
5
Suppose 123 = 12*w - 11*w. What is the units digit of w?
3
Let f = 3 - 6. What is the units digit of (-2)/3 + (-74)/f?
4
Suppose 3*z + a = 7, -4*z + 3*a = 2*a - 14. Suppose 0 = -2*g - z - 3. What is the units digit of (10/g)/(4/(-18))?
5
Let r be -4 + 54 - -1 - 1. Let s = -21 + r. What is the tens digit of s?
2
Let u(w) = 2*w**2 + 5*w + 3. What is the tens digit of u(4)?
5
What is the units digit of (-3)/1 + -1 - -19?
5
Let g = 12 - -9. What is the units digit of g?
1
Let i(h) = -14*h + 5. Let w(b) = -42*b + 16. Let j(t) = -7*i(t) + 2*w(t). What is the tens digit of j(3)?
3
Let a = -6 + 2. Let u be (2/a)/((-1)/10). Suppose -20 = -4*f + d, -6*d = u*f - d. What is the units digit of f?
4
Suppose 15 = 2*p - 67. What is the tens digit of p?
4
Let f(u) = u**2 + 10*u + 3. What is the units digit of f(-12)?
7
Let v = 2 + 2. Suppose -v*b + 57 = -11. What is the tens digit of b?
1
Let j(n) = 3*n + 0*n + 0*n + 9. What is the units digit of j(16)?
7
Let d = 4 - 6. Let o be -2 + (-6)/d - -2. Suppose o*t - 9 = 0, 5*t + 4 = 4*m - 9. What is the units digit of m?
7
Let d(x) = 0*x - 3*x**3 - 1 + x**2 + 4*x**3 - 3*x. Suppose 0 = 4*i + 11 - 3. What is the units digit of d(i)?
1
Suppose -n = 2*y - 201, -4*n + 0*n = -y + 123. Suppose h + 137 = 5*v - 30, 3*v - 2*h - y = 0. What is the tens digit of v?
3
Let d(s) = s + 4. Suppose 0 = -4*t + 15 + 1. Suppose 8 = 4*k + 2*h, 18 = 4*k - 7*h + t*h. What is the units digit of d(k)?
7
Let d(y) = -y**2 + 5*y + 3. Let l be 1*2 + (-7 - -9). What is the units digit of d(l)?
7
Let z(i) = 2*i**3 - 3*i**2 + 6*i - 7. What is the units digit of z(3)?
8
Let l be 3 + (-1)/1*8. Let i(n) = 2*n**2 + 6*n - 3. What is the tens digit of i(l)?
1
Let k be (-4)/(-18) - (-176)/18. Let o be (148/k)/((-2)/(-10)). What is the units digit of o/10 + (-2)/5?
7
Suppose i = -3*u - 2*i + 48, -2*i - 23 = -3*u. What is the units digit of u?
1
What is the units digit of 4/6*(-11 - -14)?
2
Let i = 1 + 1. Suppose d = 3*u - d - 32, 0 = 4*u + i*d - 52. What is the units digit of u?
2
Suppose 2*v - 1050 = -5*l, 2*l + 28 - 448 = 5*v. Suppose 3*p - 59 = -5*n + 75, -5*p = 5*n - l. What is the units digit of p?
8
Let l be 2/(16/(-28))*-14. Let v = 102 - l. What is the tens digit of v?
5
Let l(f) = -f**3 + 4*f**2 - f - 2. Suppose -2*i = -6*i + 48. Suppose -11 = -2*b + 5*j, 5 = -b + 4*j + i. What is the units digit of l(b)?
4
Let q(h) = h**2 + h - 8. Let g be q(0). Let a be 17/((1 - 1) + 1). Let o = a + g. What is the units digit of o?
9
Let p = 18 - 21. What is the units digit of 1 + 0 + 10 + p?
8
Suppose 5*w - 461 = 3*y, -2*w + 3*y - 111 + 290 = 0. What is the tens digit of w?
9
Suppose -7*r = 3 - 52. Suppose -c - 5*l = -22, c = 5*l - r - 1. Wh